f.
2, 3
Let t(g) = -g + 14. Let b be t(7). Suppose 5*v + 5*f = 5, 3*v - v + 5*f + b = 0. Let y(j) = j**2 + 4*j + 3. What are the prime factors of y(v)?
5, 7
Suppose 0 = -4*x + 2*u + 57 + 31, 0 = 3*x + 5*u - 53. Let k = x - 1. Suppose k = 3*f - 7. List the prime factors of f.
3
Let f be -16*(-2 + (-12)/(-3)). Let w be (-1416)/f - (-1)/(-4). List the prime factors of w/(3/(-1 + 4)).
2, 11
Let p = -44 - -45. Let x(v) = 119*v**2 - v + 2. What are the prime factors of x(p)?
2, 3, 5
Suppose 4*z - 32*l + 30*l - 3030 = 0, -3*z + 2270 = -l. List the prime factors of z.
5, 151
Suppose 65 + 213 = 2*f. Suppose 0 = -4*j + 181 + f. List the prime factors of j.
2, 5
Let v(z) = -z**3 - 12*z**2 - 4*z - 5. Suppose 24*r + 60 = 19*r. List the prime factors of v(r).
43
Let s be (-474)/(-4)*12*4/18. Suppose 3*j - 292 = 2*f, s - 21 = 3*j + f. List the prime factors of j.
2, 7
Suppose 4*k + 91 = -5*g, 4*k - 6*k = -2*g + 68. Let d = 171 + k. List the prime factors of d.
2, 71
Let o = -62 + 158. Let y = o - 14. List the prime factors of y.
2, 41
Let o(y) = 10*y**2 - 43*y - 10. What are the prime factors of o(12)?
2, 457
Suppose 0 = -5*l + 4*r - r + 29, r + 15 = 3*l. Suppose 2*b + l = 88. List the prime factors of b.
2, 3, 7
Let s = -3577 + 5734. List the prime factors of s.
3, 719
Suppose 777 = 2*p - u, 0*u + 387 = p + u. List the prime factors of p.
2, 97
Let g(c) be the third derivative of c**5/30 + c**4/2 - c**3/6 + 51*c**2. List the prime factors of g(10).
11, 29
Let s = 6 + -13. Let p be (-20)/s + (-1)/(-7). Suppose -u + p*o + 26 = 0, -5*u = 5*o + 4 - 34. List the prime factors of u.
11
Let d be 3 + -2*2 - -4. Let v be d/2*16/(-24). Let j(s) = -6*s**3 - s**2. List the prime factors of j(v).
5
Suppose 0 = -3*a - k - 14, 5*k + 40 = -4*a - a. Let m = 16 + a. List the prime factors of m.
13
Let a = 364 + 1135. What are the prime factors of a?
1499
Let y(b) = -14*b + 57. List the prime factors of y(-7).
5, 31
Suppose 3*b - 241 = -7*i + 3*i, -3*i + 87 = b. Suppose -n - 5*k + b = 0, -2*k + 42 + 222 = 4*n. List the prime factors of n.
5, 13
Suppose -38 = -3*i - f, f + 2*f + 40 = 2*i. Suppose 6240 = i*g + 6*g. What are the prime factors of g?
2, 3, 13
Suppose 0 = -5*q + 4*c + 18, 1 = 2*q - 5*c - 13. Suppose -139 = -q*m - 5*r, 133 = -0*m + 2*m - r. Let g = m - 45. List the prime factors of g.
2, 11
Let f = -3 - -5. Suppose 3*l + f*v = 4*l + 24, -4*v = l + 54. Let a = 49 + l. List the prime factors of a.
3, 5
Suppose j = -3*b + 4*j - 459, 3*b = 4*j - 457. Let y be 16/(-40)*(b + 0). Let n = y + -40. What are the prime factors of n?
2, 11
Let o(i) = 7*i**2 - i - 4. Let h be o(3). Suppose h = 3*t + t. Suppose t - 43 = -s + a, 25 = -5*a. What are the prime factors of s?
2, 3
Let v(d) = -7*d + 6. Let c be (-4 + -2*1)/((-3)/(-6)). List the prime factors of v(c).
2, 3, 5
Let j be (1 - 25)*2*(-3)/12. List the prime factors of 226/(j/(-4) + 5).
113
Let j be (0 - (-16)/(-12))/((-6)/(-63)). Suppose 0 = 3*n - p - 110, -5*n + 114 = -3*p - 68. Let m = j + n. What are the prime factors of m?
23
Let q(l) be the second derivative of 0 + 2*l - 1/3*l**3 - 4*l**2. List the prime factors of q(-6).
2
Let a(n) = 5*n**2 + 5. Let g(j) = -6*j**2 - j - 5. Let k(z) = -7*a(z) - 6*g(z). Let c be k(-8). Let l(m) = -m + 22. List the prime factors of l(c).
11
Suppose 5*g - 4*u = 3554, 5*g - u - 2919 - 632 = 0. What are the prime factors of g?
2, 5, 71
Let m = 132 - 383. What are the prime factors of 1*(5 - 6)*m?
251
Suppose -5*l - 3*v - 25 = 0, 20 = 2*l - 7*l - 4*v. Let k be l/2 - (14 + 10). Let m = 26 - k. What are the prime factors of m?
2, 3
Let p(i) = 5 + 0 + 4*i + i**2 + 0. Suppose -2*r - 51*b + 47*b - 28 = 0, 0 = -2*r - 5*b - 31. What are the prime factors of p(r)?
37
Let m be (-94)/8 - 8/32. Let r = -18 - m. Let p(j) = j**3 + 5*j**2 - 9*j - 1. What are the prime factors of p(r)?
17
Suppose -4*k + 552 + 56 = 0. Let i = k - 88. What are the prime factors of i?
2
Suppose -3*k - 3400 = -13*k. Let r = k - 106. List the prime factors of r.
2, 3, 13
Let r = -606 - -1376. What are the prime factors of r?
2, 5, 7, 11
Let n(f) be the third derivative of -5*f**4/8 - f**3 - 9*f**2. What are the prime factors of n(-6)?
2, 3, 7
Let w be 8 - 4/(8/6). Suppose -2*t + w*t = 0. Suppose 2*c - 113 + 13 = t. What are the prime factors of c?
2, 5
Let p be 276/(-36) - (-2)/3. What are the prime factors of (2/(-3))/(p/483)?
2, 23
Let r(g) = g + 9. Let q(l) = -1. Let c(s) = -3*q(s) + r(s). Let d be c(-12). Suppose -f = -d*f - 23. What are the prime factors of f?
23
Let q(l) = 135*l**3 - l**2 - l + 1. Let y be q(1). Suppose 4*c - 574 - y = 0. List the prime factors of c.
3, 59
Let o be (4 + -2)/(-2)*-56. Let w = 670 + -439. Suppose o = -5*y + w. What are the prime factors of y?
5, 7
Suppose 7*u + 5 = -9. What are the prime factors of (u/6)/(-3 - 213/(-72))?
2
What are the prime factors of (-12)/((-144)/3) - (-1263)/4?
2, 79
Let x be 140/(-56)*-1*8. Suppose 19*h + 72 = x*h. What are the prime factors of h?
2, 3
Let y be (-31 - 0)/((-1)/2). Suppose 2*o - y = 7*o - 4*w, -5*w - 10 = 0. Let h = o + 16. What are the prime factors of h?
2
Let i(d) = 2958*d**2 - 5*d + 7. What are the prime factors of i(1)?
2, 5, 37
Suppose -4*l - 4*w + 6740 = 0, 4*w + 4869 = 3*l - 158. List the prime factors of l.
41
Let j(f) = -f + 9. Let a(z) = -z**3 + 7*z**2 - 5*z. Let k be a(6). Let x be j(k). What are the prime factors of 3 - -7 - (-12)/x?
2, 7
Let b = 59 + -173. Let u = -81 - b. What are the prime factors of u?
3, 11
Let t(p) = p - 7. Let h(m) = m + 8. Let z(a) = -a - 4. Let l be z(-11). Let c be h(l). What are the prime factors of t(c)?
2
Suppose -425 = -7*d + 2*d. Let g = 276 - d. Suppose 2*r + r + g = 4*j, -4*j - r = -187. List the prime factors of j.
47
Let g = -183 - -328. Suppose -g = -12*h + 11*h. List the prime factors of h.
5, 29
Let z(p) = 5*p**2 - 2. Let f be (-35)/(-10) - (-4)/8. Suppose 3*q - f = 4*q. What are the prime factors of z(q)?
2, 3, 13
Let f(b) = 3*b**2 + 30*b + 10. What are the prime factors of f(-15)?
5, 47
Suppose 0 = o + 4*o + 10, -4*w = 4*o. Let d(a) = 3*a + 10*a**3 - 4 - a - a**2 + 0*a. What are the prime factors of d(w)?
2, 19
Let m = 2894 + -877. List the prime factors of m.
2017
Let g(p) = p**3 - 23*p**2 + 13*p - 72. What are the prime factors of g(23)?
227
Suppose -5*q = 133 - 153. Suppose -5*n + 4*p = -493, 2*n + p = -p + 208. Suppose -4*j = 2*v - q*v - 98, n = 4*j + v. What are the prime factors of j?
5
Suppose -225 = 4*h - 9*h. Suppose -d + g - 5*g = -h, 2*d + 3*g - 65 = 0. List the prime factors of 8/10 + 430/d.
2, 3
Suppose -3*y + 5*j + 92 = 0, 3*y + 5*j + 71 - 213 = 0. List the prime factors of y.
3, 13
Suppose 0 = p - z - 485, 2*z + 482 = -22*p + 23*p. List the prime factors of p.
2, 61
Let m(u) = 158*u - 34. Let y(p) = 53*p - 11. Let j(s) = -2*m(s) + 7*y(s). List the prime factors of j(2).
101
Let f(l) = 3*l**2 - 15*l - 17. What are the prime factors of f(10)?
7, 19
Let o(j) = -2*j - 27. Let k be o(14). Let g = 74 - k. What are the prime factors of g?
3, 43
Let r(k) = -3*k**3 - 24*k**2 - 223*k - 15. List the prime factors of r(-8).
29, 61
Let q be -2 - 0/(-4 + 5). Let r be ((-3)/q)/(36/48). Suppose 59 = r*x - 13. What are the prime factors of x?
2, 3
Let f(k) = -14*k + 152. What are the prime factors of f(0)?
2, 19
Suppose 6*z + 2*m + 22944 = 11*z, 4*z + 3*m - 18369 = 0. What are the prime factors of z?
2, 3, 5, 17
Let z(y) be the first derivative of -y**2/2 - 5*y - 3. Let w be z(-6). Suppose t + 4*t = -i + 22, w = 2*t + 3*i. List the prime factors of t.
5
Let m = 156 - 151. Let b(d) = 9*d**2 + 11*d + 4. What are the prime factors of b(m)?
2, 71
Suppose -5*h = 3*z - 0*z - 7316, 2*z = -3*h + 4390. List the prime factors of h.
2, 17, 43
Suppose g + 33 = -2*p - 0*p, 0 = -2*p - 4*g - 24. List the prime factors of 3/p - (-283)/6.
47
Let t = 82 - 54. Let g = t - 12. Suppose -2*z + 0*z = -g. What are the prime factors of z?
2
List the prime factors of ((-39)/(-26) + -1)/(2/3512).
2, 439
Let n = 8 + -6. Suppose -19 = -5*x + n*g, g = 5*x - 0*g - 22. Suppose 0*v + v + 55 = x*h, -4*h = -5*v - 65. List the prime factors of h.
2, 5
Let t(h) = 193*h - 26. List the prime factors of t(4).
2, 373
Let v(a) be the first derivative of a**2 - 5*a + 11. Let n be (-2*(-1 + 8))/(-2). What are the prime factors of v(n)?
3
Le